{"id":1460,"date":"2013-05-02T10:47:39","date_gmt":"2013-05-02T09:47:39","guid":{"rendered":"http:\/\/www.karate-neuhofen.at\/?page_id=1460"},"modified":"2015-11-29T22:39:42","modified_gmt":"2015-11-29T21:39:42","slug":"generation-60-2","status":"publish","type":"page","link":"http:\/\/www.karate-neuhofen.at\/?page_id=1460","title":{"rendered":"Generation 60+"},"content":{"rendered":"<h3>Aktueller Kurs l\u00e4uft, Einstieg ist jedoch jederzeit m\u00f6glich.<\/h3>\n<h1>Es ist nie zu sp\u00e4t\u2026<\/h1>\n<h2>Karate im sp\u00e4ten Erwachsenenalter<\/h2>\n<p>&nbsp;<\/p>\n<p><a href=\"http:\/\/www.karate-neuhofen.at\/?attachment_id=1621\" rel=\"attachment wp-att-1621\"><img loading=\"lazy\" class=\"alignnone size-full wp-image-1621\" src=\"http:\/\/www.karate-neuhofen.at\/wp-content\/uploads\/2013\/07\/Tips24-2013.jpg\" alt=\"Tips24-2013\" width=\"610\" height=\"796\" srcset=\"http:\/\/www.karate-neuhofen.at\/wp-content\/uploads\/2013\/07\/Tips24-2013.jpg 610w, http:\/\/www.karate-neuhofen.at\/wp-content\/uploads\/2013\/07\/Tips24-2013-467x610.jpg 467w\" sizes=\"(max-width: 610px) 100vw, 610px\" \/><\/a><br \/>\nArtikel aus Tips 12.06.2013\/KW24<\/p>\n<p><a href=\"http:\/\/www.karate-neuhofen.at\/?attachment_id=3986\" rel=\"attachment wp-att-3986\"><img loading=\"lazy\" class=\"alignnone size-large wp-image-3986\" src=\"http:\/\/www.karate-neuhofen.at\/wp-content\/uploads\/2015\/11\/60plus-610x404.jpg\" alt=\"60plus\" width=\"610\" height=\"404\" \/><\/a><\/p>\n<p>Dass <span style=\"color: #ff0000;\"><strong>Karate<\/strong><\/span> ein gesundheitsf\u00f6rdernder Sport ist, hat die Weltgesundheitsorganisation WHO schon vor mittlerweile zehn Jahren anerkannt. Im asiatischen Raum wird es schon seit Jahrhunderten praktiziert \u2013 zur Selbstverteidigung, aber auch um Gesundheit zu erhalten und Ausdauer und St\u00e4rke zu erlangen.<br \/>\nNeu und sensationell sind jedoch die Ergebnisse einer Studie der Universit\u00e4t Regensburg an Personen zw. 67 und 81 Jahren. Im Vergleich zu den anderen Gruppen, die jeweils entweder nur kognitives (geistiges) oder rein motorisches (k\u00f6rperliches) Training absolvierten, erzielte die Gruppe, die ein halbes Jahr <span style=\"color: #ff0000;\"><strong>Karate<\/strong><\/span> aus\u00fcbte, bemerkenswerte Ergebnisse: Ihre <strong><span style=\"color: #ff0000;\">Merkleistung<\/span><\/strong> und <strong><span style=\"color: #ff0000;\">visuelle Merkf\u00e4higkeit<\/span><\/strong> verst\u00e4rkte sich deutlich mehr als bei den anderen. Durch die \u00dcbungen nahm nicht nur ihre <strong><span style=\"color: #ff0000;\">Beweglichkeit<\/span><\/strong> zu, sondern auch das <strong><span style=\"color: #ff0000;\">Selbstvertrauen<\/span><\/strong>. Ein weiterer, sehr erfreulicher Nebeneffekt des Karatetrainings zeigte sich in der <strong><span style=\"color: #ff0000;\">Abnahme von depressiven Verstimmungen<\/span><\/strong> \u2013 die Versuchspersonen erkl\u00e4rten sich als gl\u00fccklicher als zuvor!<br \/>\nDie Erkl\u00e4rung dieser Ergebnisse beruht darauf, dass bei Karate der <strong><span style=\"color: #ff0000;\">Geist<\/span><\/strong> und der <strong><span style=\"color: #ff0000;\">K\u00f6rper gleichzeitig<\/span><\/strong> trainiert werden. Die <strong><span style=\"color: #ff0000;\">inneren Organe<\/span><\/strong> werden durch die \u00dcbungen angeregt, der <strong><span style=\"color: #ff0000;\">Kreislauf<\/span><\/strong> verbessert, <strong><span style=\"color: #ff0000;\">Atmung<\/span><\/strong> und <strong><span style=\"color: #ff0000;\">Verdauung<\/span><\/strong> gef\u00f6rdert und der <strong><span style=\"color: #ff0000;\">Gleichgewichtssinn<\/span><\/strong> wird deutlich verbessert \u2013 dass dies gerade im sp\u00e4teren Erwachsenenalter wichtig zur <strong><span style=\"color: #ff0000;\">Vorbeugung von Sturzgefahr<\/span><\/strong> ist, bringt Karate noch weiter ins Visier als ideale Sportart zur Erhaltung von Gesundheit und Beweglichkeit \u2013 sowohl k\u00f6rperlich als auch geistig!<br \/>\n(aus: PsychologieNachrichten Dez. 2011\/ Newsmeldung Universit\u00e4t Regensburg Nov. 2011)<br \/>\nDiese erfreulichen Ergebnisse sind Anlass genug f\u00fcr Christian Ramsebner (Gr\u00fcnder, Trainer und Sektionsleiter der ASK\u00d6 Neuhofen-Karate Seibukan) das Angebot zur Erlernung und Aus\u00fcbung von Karate speziell f\u00fcr die <strong><span style=\"color: #ff0000;\">Generation 60+<\/span><\/strong> zu erweitern. Nach oben hin ist frei nach dem Motto \u201eEs ist nie zu sp\u00e4t\u2026\u201c keine Altersgrenze gesetzt!<br \/>\nUnd so freut sich der Verein Seibukan &#8211; Neuhofen , ab September 2013 auf weitere bewegungsfreudige Menschen, die bereit sind etwas Neues zu lernen um sich mit Gleichgesinnten fit und gesund zu erhalten.<br \/>\nAuskunft: Ramsebner Christian +43 676 556 2802 christian.ramsebner@liwest.at<\/p>\n<p>(Dipl. P\u00e4d. Doris Hartmann)<\/p>\n","protected":false},"excerpt":{"rendered":"<p>Aktueller Kurs l\u00e4uft, Einstieg ist jedoch jederzeit m\u00f6glich. Es ist nie zu sp\u00e4t\u2026 Karate im sp\u00e4ten Erwachsenenalter &nbsp; Artikel aus Tips 12.06.2013\/KW24 Dass Karate ein gesundheitsf\u00f6rdernder Sport ist, hat die Weltgesundheitsorganisation WHO schon vor mittlerweile zehn Jahren anerkannt. Im asiatischen Raum wird es schon seit Jahrhunderten praktiziert \u2013 zur Selbstverteidigung, aber auch um Gesundheit zu [&hellip;]<\/p>\n","protected":false},"author":3,"featured_media":0,"parent":1771,"menu_order":5,"comment_status":"closed","ping_status":"closed","template":"","meta":{"ngg_post_thumbnail":0},"_links":{"self":[{"href":"http:\/\/www.karate-neuhofen.at\/index.php?rest_route=\/wp\/v2\/pages\/1460"}],"collection":[{"href":"http:\/\/www.karate-neuhofen.at\/index.php?rest_route=\/wp\/v2\/pages"}],"about":[{"href":"http:\/\/www.karate-neuhofen.at\/index.php?rest_route=\/wp\/v2\/types\/page"}],"author":[{"embeddable":true,"href":"http:\/\/www.karate-neuhofen.at\/index.php?rest_route=\/wp\/v2\/users\/3"}],"replies":[{"embeddable":true,"href":"http:\/\/www.karate-neuhofen.at\/index.php?rest_route=%2Fwp%2Fv2%2Fcomments&post=1460"}],"version-history":[{"count":32,"href":"http:\/\/www.karate-neuhofen.at\/index.php?rest_route=\/wp\/v2\/pages\/1460\/revisions"}],"predecessor-version":[{"id":3987,"href":"http:\/\/www.karate-neuhofen.at\/index.php?rest_route=\/wp\/v2\/pages\/1460\/revisions\/3987"}],"up":[{"embeddable":true,"href":"http:\/\/www.karate-neuhofen.at\/index.php?rest_route=\/wp\/v2\/pages\/1771"}],"wp:attachment":[{"href":"http:\/\/www.karate-neuhofen.at\/index.php?rest_route=%2Fwp%2Fv2%2Fmedia&parent=1460"}],"curies":[{"name":"wp","href":"https:\/\/api.w.org\/{rel}","templated":true}]}}