{"id":1466,"date":"2013-05-02T10:49:43","date_gmt":"2013-05-02T09:49:43","guid":{"rendered":"http:\/\/www.karate-neuhofen.at\/?page_id=1466"},"modified":"2023-09-26T22:08:27","modified_gmt":"2023-09-26T21:08:27","slug":"minitiger","status":"publish","type":"page","link":"http:\/\/www.karate-neuhofen.at\/?page_id=1466","title":{"rendered":"Minitiger"},"content":{"rendered":"<h1>Kleine Kids ganz gro\u00df \u2013 unsere Minitiger<\/h1>\n<p>Sieht man sich Montags oder Dienstags in den fr\u00fchen Abendstunden im Gymnastiksaal der HS Neuhofen um, bietet sich einem ein ganz besonderer Anblick \u2013 eine Reihe \u201eMinitiger\u201c zwischen 5 und 8 Jahren stellt sich zum traditionellen Gru\u00df und der kurzen Meditation im Kniesitz in einer Reihe auf.<\/p>\n<p>Vorfreude auf das bevorstehende Bewegungsangebot liegt sp\u00fcrbar in der Luft. Nach gezielten Aufw\u00e4rm\u00fcbungen geht es dann auch gleich los: Gemeinsam mit Sensei Christian Ramsebner wird im \u201eBananengang\u201c durch die Steppe geschlichen w\u00e4hrend herunterfallende Kokosn\u00fcsse abwechselnd links und rechts abgewehrt werden. Was sich etwas nach einem Rollenspiel anh\u00f6rt ist die spielerische Erlernung und Ein\u00fcbung der Grundtechniken des Karates.<\/p>\n<p>Genaues Zuh\u00f6ren und Hinschauen passiert hierbei auf ungezwungene Weise und sch\u00e4rft Aufmerksamkeit und Sinne der Kinder. Gerade im Vorschulalter als sehr wichtig erachtete Grundfertigkeiten wie Koordinationsf\u00e4higkeit von Geist und K\u00f6rper, Konzentration und Durchhalteverm\u00f6gen werden durch das ganzheitliche und vielseitige Training gef\u00f6rdert und gest\u00e4rkt. Disziplin und Pers\u00f6nlichkeitsbildung werden bei den Trainings ebenfalls hoch angeschrieben um zur Entfaltung von Willensst\u00e4rke und zur Charakterbildung der Kleinen beizutragen.<\/p>\n<p>Bei den hei\u00df geliebten, auflockernden Spielen k\u00f6nnen die Kinder weiter ihre Geschicklichkeit und wichtige soziale Fertigkeiten entwickeln.<\/p>\n<p>Ob nun der Aspekt Bewegung zur F\u00f6rderung von Gesundheit, Sch\u00e4rfung von Geist und Entwicklung der Pers\u00f6nlichkeit durch besseres Kennenlernen des eigenen K\u00f6rpers, Steigerung der Leistungsbereitschaft, Erziehung zur Gewaltlosigkeit oder einfach nur der sichtbare Spa\u00df Faktor des Minitigertrainings im Vordergrund steht\u2026<br \/>\n\u2026einem unverbindlichen Schnuppern ist eigentlich nichts entgegenzusetzen\u2026<\/p>\n<p>Termine Minitigertraining\/ Mo. Und Di. jeweils von 16.30 \u2013 17.30.<\/p>\n<p>Wer wei\u00df? Vielleicht l\u00e4sst sich ja auch die eine oder andere neue Freundschaft schlie\u00dfen\u2026<\/p>\n<p>(Dipl. P\u00e4d. Doris Hartmann)<\/p>\n<h2><strong>Anmeldungen f\u00fcr Mini Tiger werden nur noch \u00fcber das <\/strong><strong><a href=\"http:\/\/www.karate-neuhofen.at\/?page_id=38109\">ONLINE &#8211; FORMULAR<\/a> <\/strong><strong>angenommen.<\/strong><\/h2>\n<h1>O\u00d6-Nachrichten 29.2.2012<\/h1>\n<p>&nbsp;<\/p>\n<p><a href=\"http:\/\/www.karate-neuhofen.at\/?attachment_id=869\" rel=\"attachment wp-att-869\"><img loading=\"lazy\" title=\"O\u00d6N-Karatetiger\" src=\"http:\/\/www.karate-neuhofen.at\/wp-content\/uploads\/2012\/02\/O\u00d6N-Karatetiger-610x421.jpg\" alt=\"\" width=\"610\" height=\"421\"\/><\/a><\/p>\n<p>&nbsp;<\/p>\n","protected":false},"excerpt":{"rendered":"<p>Kleine Kids ganz gro\u00df \u2013 unsere Minitiger Sieht man sich Montags oder Dienstags in den fr\u00fchen Abendstunden im Gymnastiksaal der HS Neuhofen um, bietet sich einem ein ganz besonderer Anblick \u2013 eine Reihe \u201eMinitiger\u201c zwischen 5 und 8 Jahren stellt sich zum traditionellen Gru\u00df und der kurzen Meditation im Kniesitz in einer Reihe auf. Vorfreude [&hellip;]<\/p>\n","protected":false},"author":3,"featured_media":0,"parent":1771,"menu_order":4,"comment_status":"closed","ping_status":"closed","template":"","meta":{"ngg_post_thumbnail":0},"_links":{"self":[{"href":"http:\/\/www.karate-neuhofen.at\/index.php?rest_route=\/wp\/v2\/pages\/1466"}],"collection":[{"href":"http:\/\/www.karate-neuhofen.at\/index.php?rest_route=\/wp\/v2\/pages"}],"about":[{"href":"http:\/\/www.karate-neuhofen.at\/index.php?rest_route=\/wp\/v2\/types\/page"}],"author":[{"embeddable":true,"href":"http:\/\/www.karate-neuhofen.at\/index.php?rest_route=\/wp\/v2\/users\/3"}],"replies":[{"embeddable":true,"href":"http:\/\/www.karate-neuhofen.at\/index.php?rest_route=%2Fwp%2Fv2%2Fcomments&post=1466"}],"version-history":[{"count":17,"href":"http:\/\/www.karate-neuhofen.at\/index.php?rest_route=\/wp\/v2\/pages\/1466\/revisions"}],"predecessor-version":[{"id":782276,"href":"http:\/\/www.karate-neuhofen.at\/index.php?rest_route=\/wp\/v2\/pages\/1466\/revisions\/782276"}],"up":[{"embeddable":true,"href":"http:\/\/www.karate-neuhofen.at\/index.php?rest_route=\/wp\/v2\/pages\/1771"}],"wp:attachment":[{"href":"http:\/\/www.karate-neuhofen.at\/index.php?rest_route=%2Fwp%2Fv2%2Fmedia&parent=1466"}],"curies":[{"name":"wp","href":"https:\/\/api.w.org\/{rel}","templated":true}]}}

<h1>Kleine Kids ganz groß – unsere Minitiger</h1>
<p>Sieht man sich Montags oder Dienstags in den frühen Abendstunden im Gymnastiksaal der HS Neuhofen um, bietet sich einem ein ganz besonderer Anblick – eine Reihe „Minitiger“ zwischen 5 und 8 Jahren stellt sich zum traditionellen Gruß und der kurzen Meditation im Kniesitz in einer Reihe auf.</p>
<p>Vorfreude auf das bevorstehende Bewegungsangebot liegt spürbar in der Luft. Nach gezielten Aufwärmübungen geht es dann auch gleich los: Gemeinsam mit Sensei Christian Ramsebner wird im „Bananengang“ durch die Steppe geschlichen während herunterfallende Kokosnüsse abwechselnd links und rechts abgewehrt werden. Was sich etwas nach einem Rollenspiel anhört ist die spielerische Erlernung und Einübung der Grundtechniken des Karates.</p>
<p>Genaues Zuhören und Hinschauen passiert hierbei auf ungezwungene Weise und schärft Aufmerksamkeit und Sinne der Kinder. Gerade im Vorschulalter als sehr wichtig erachtete Grundfertigkeiten wie Koordinationsfähigkeit von Geist und Körper, Konzentration und Durchhaltevermögen werden durch das ganzheitliche und vielseitige Training gefördert und gestärkt. Disziplin und Persönlichkeitsbildung werden bei den Trainings ebenfalls hoch angeschrieben um zur Entfaltung von Willensstärke und zur Charakterbildung der Kleinen beizutragen.</p>
<p>Bei den heiß geliebten, auflockernden Spielen können die Kinder weiter ihre Geschicklichkeit und wichtige soziale Fertigkeiten entwickeln.</p>
<p>Ob nun der Aspekt Bewegung zur Förderung von Gesundheit, Schärfung von Geist und Entwicklung der Persönlichkeit durch besseres Kennenlernen des eigenen Körpers, Steigerung der Leistungsbereitschaft, Erziehung zur Gewaltlosigkeit oder einfach nur der sichtbare Spaß Faktor des Minitigertrainings im Vordergrund steht…<br />
…einem unverbindlichen Schnuppern ist eigentlich nichts entgegenzusetzen…</p>
<p>Termine Minitigertraining/ Mo. Und Di. jeweils von 16.30 – 17.30.</p>
<p>Wer weiß? Vielleicht lässt sich ja auch die eine oder andere neue Freundschaft schließen…</p>
<p>(Dipl. Päd. Doris Hartmann)</p>
<h2><strong>Anmeldungen für Mini Tiger werden nur noch über das </strong><strong><a href="http://www.karate-neuhofen.at/?page_id=38109">ONLINE &#8211; FORMULAR</a> </strong><strong>angenommen.</strong></h2>
<h1>OÖ-Nachrichten 29.2.2012</h1>
<p>&nbsp;</p>
<p><a href="http://www.karate-neuhofen.at/?attachment_id=869" rel="attachment wp-att-869"><img loading="lazy" title="OÖN-Karatetiger" src="http://www.karate-neuhofen.at/wp-content/uploads/2012/02/OÖN-Karatetiger-610x421.jpg" alt="" width="610" height="421"/></a></p>
<p>&nbsp;</p>

<p>Kleine Kids ganz groß – unsere Minitiger Sieht man sich Montags oder Dienstags in den frühen Abendstunden im Gymnastiksaal der HS Neuhofen um, bietet sich einem ein ganz besonderer Anblick – eine Reihe „Minitiger“ zwischen 5 und 8 Jahren stellt sich zum traditionellen Gruß und der kurzen Meditation im Kniesitz in einer Reihe auf. Vorfreude [&hellip;]</p>
